8024149 prime?
False
Is 281729339 composite?
False
Is 10365586331 prime?
True
Is 2917946557 prime?
True
Is 8009140294 prime?
False
Is 46840596413 composite?
True
Is 13198002599 prime?
False
Is 34528900501 a composite number?
True
Is 1521863503 a prime number?
False
Is 186279529 a composite number?
True
Is 281899249 a prime number?
False
Is 18315633881 prime?
True
Is 4833511841 a composite number?
False
Is 7090694231 prime?
True
Is 2130469969 composite?
False
Is 4345663937 composite?
False
Is 4371149935 prime?
False
Is 6586393699 composite?
False
Is 4966007471 a prime number?
True
Is 3579659133 a composite number?
True
Is 628125787 prime?
True
Is 180169529 composite?
True
Is 7021846687 prime?
False
Is 5785124945 a composite number?
True
Is 1348822399 composite?
False
Is 719489 composite?
True
Is 327071335 prime?
False
Is 1461397543 composite?
True
Is 86115819661 prime?
True
Is 875430919 prime?
False
Is 286425039253 prime?
True
Is 646031549 composite?
False
Is 5929334503 a composite number?
True
Is 1417183459 a composite number?
False
Is 39218256871 a composite number?
False
Is 439562933 prime?
True
Is 33485944687 composite?
True
Is 19586050153 prime?
True
Is 105536407 a prime number?
True
Is 2460301049 a composite number?
True
Is 239158727 a composite number?
False
Is 28837785909 a composite number?
True
Is 6759766103 composite?
False
Is 165824573219 composite?
True
Is 435175529 a composite number?
True
Is 24923388801 a prime number?
False
Is 1643763243 composite?
True
Is 10546930423 composite?
False
Is 838814149 a prime number?
False
Is 7010414371 a composite number?
True
Is 5381474671 a prime number?
False
Is 1116743 a prime number?
True
Is 1724645773 a composite number?
False
Is 110038321993 composite?
False
Is 1712608627 prime?
False
Is 101818090147 a composite number?
True
Is 4587258877 prime?
False
Is 19465939 composite?
True
Is 1783188061 composite?
False
Is 277980739 prime?
True
Is 943943059 a prime number?
False
Is 6961486993 composite?
True
Is 407444039 prime?
True
Is 4641451123 a composite number?
False
Is 10906940879 a prime number?
True
Is 1648084307 a prime number?
True
Is 6381914303 a composite number?
False
Is 1193101313 composite?
True
Is 10431191299 composite?
False
Is 31731321631 a prime number?
False
Is 31183748521 prime?
True
Is 30474369571 a prime number?
True
Is 20757632459 prime?
False
Is 169018621 prime?
True
Is 376896881 prime?
True
Is 39560483633 a prime number?
False
Is 13117205 prime?
False
Is 472032023 prime?
True
Is 191358448451 composite?
True
Is 3261733418 a prime number?
False
Is 2580028283 a prime number?
False
Is 1490851427 composite?
True
Is 44267963 a composite number?
True
Is 2868592667 a composite number?
False
Is 606975517141 prime?
False
Is 105814333591 prime?
True
Is 24741048257 a composite number?
True
Is 19481998285 composite?
True
Is 1863135013 a prime number?
False
Is 1490325209 composite?
True
Is 2215338007 composite?
False
Is 1384917661 composite?
False
Is 59325001889 a composite number?
True
Is 25658903363 composite?
False
Is 3476801351 a prime number?
False
Is 82188593327 prime?
True
Is 544281971 composite?
True
Is 36951737 composite?
True
Is 6254742593 a composite number?
True
Is 85314075173 a prime number?
False
Is 4551045595 a composite number?
True
Is 57327246071 composite?
True
Is 393817399 a composite number?
True
Is 95508536699 prime?
True
Is 196846291 a composite number?
False
Is 10598294053 composite?
False
Is 402069791 composite?
False
Is 4234020099 composite?
True
Is 1336233161 a prime number?
True
Is 2199440699 a prime number?
True
Is 43807931081 a prime number?
False
Is 7144695721 prime?
True
Is 1428414389 a composite number?
False
Is 12362252171 prime?
True
Is 3935283397 composite?
True
Is 162480971 a prime number?
False
Is 308836729259 composite?
True
Is 860221211 a prime number?
True
Is 394355967803 a prime number?
False
Is 148849158643 a composite number?
False
Is 1273901927 a composite number?
False
Is 28021551497 a composite number?
False
Is 120138355937 composite?
False
Is 243082716061 composite?
False
Is 189751096811 prime?
False
Is 2004046378 a composite number?
True
Is 94369411 composite?
False
Is 1640590879 prime?
True
Is 18245189 composite?
False
Is 31208491 composite?
False
Is 27223669511 a composite number?
True
Is 15017499523 a prime number?
False
Is 21935910327 a composite number?
True
Is 12188686657 a prime number?
False
Is 187555331 a composite number?
True
Is 934779007 prime?
True
Is 26920499899 composite?
True
Is 25663229446 composite?
True
Is 3366941797 prime?
False
Is 68146847701 a composite number?
True
Is 2000137207 a composite number?
False
Is 3001126163 prime?
False
Is 1214094289 a composite number?
False
Is 1351713173 a prime number?
True
Is 2892538843 composite?
True
Is 978274373 a prime number?
True
Is 88068493 composite?
True
Is 141344537 a prime number?
True
Is 6814906357 composite?
True
Is 753818371 prime?
True
Is 2275142153 composite?
False
Is 145333957 a composite number?
True
Is 8508327117 a composite number?
True
Is 199800876599 prime?
True
Is 3592275329 prime?
True
Is 633836450783 a composite number?
True
Is 9113496533 composite?
False
Is 7357820723 a composite number?
True
Is 105369939061 composite?
True
Is 7384203118 a composite number?
True
Is 1372461887 composite?
False
Is 5569451113 a composite number?
False
Is 35006851543 composite?
False
Is 2192784707 composite?
False
Is 599144633 prime?
True
Is 381063091 a composite number?
False
Is 120216465741 a composite number?
True
Is 70797615293 composite?
False
Is 274621843 a prime number?
False
Is 3015243731 a composite number?
False
Is 719855369 composite?
False
Is 12171763073 prime?
False
Is 2106279787 a prime number?
False
Is 663167003 a prime number?
True
Is 3961670099 a prime number?
True
Is 1610791951 prime?
True
Is 7908263869 a prime number?
False
Is 75341363 prime?
True
Is 146831257 a prime number?
False
Is 5965551883 prime?
False
Is 11462295437 composite?
True
Is 11400953951 composite?
False
Is 1466840101 prime?
True
Is 7951733639 composite?
True
Is 9854347961 prime?
True
Is 11712876863 a composite number?
False
Is 16595558279 a composite number?
False
Is 4821563233 prime?
True
Is 400224793 prime?
False
Is 11777352695 a prime number?
False
Is 9868662467 a prime number?
True
Is 7206125309 composite?
False
Is 129322355243 composite?
False
Is 102900359 prime?
True
Is 2731456451 a prime number?
False
Is 5603529593 a composite number?
True
Is 1649658089 composite?
True
Is 5246338921 a prime number?
True
Is 2001700487 composite?
False
Is 30479077727 prime?
False
Is 9712906421 composite?
False
Is 571864693 a prime number?
True
Is 328467889 prime?
True
Is 930832849 prime?
True
Is 5326746037 a composite number?
True
Is 494815565 composite?
True
Is 838606091 prime?
True
Is 6016125457 prime?
True
Is 61235378693 composite?
False
Is 1863767149 composite?
False
Is 1091670466 a prime number?
False
Is 99905873 composite?
False
Is 9609589229 a composite number?
True
Is 9622960601 composite?
False
Is 19483306435 a composite number?
True
Is 1107776959 prime?
False
Is 8113688309 prime?
True
Is 23001202579 composite?
True
Is 3093432919 composite?
False
Is 503208853 a composite number?
True
Is 2656504649 prime?
True
Is 2277816647 prime?
True
Is 21276294167 composite?
False
Is 87907691 prime?
False
Is 19883135491 a composite number?
False
Is 2827837123 a composite number?
False
Is 741151113 a composite number?
True
Is 888619423 prime?
False
Is 1240724207 prime?
False
Is 1324208663 a composite number?
True
Is 4202493793 prime?
True
Is 585509861 a composite number?
True
Is 684053 composite?
False
Is 3386369123 composite?
False
Is 1144601393 composite?
True
Is 1246575637 a composite number?
False
Is 48551731957 prime?
True
Is 16561971193 prime?
True
Is 7112603489 a composite number?
False
Is 2273236087 a composite number?
False
Is 998937911 composite?
False
Is 118669175479 composite?
True
Is 12264973379 composite?
True
Is 15187013189 a prime number?
False
Is 14186365943 composite?
True
Is 23487238409 a prime number?
True
Is 353777 a prime number?
True
Is 4016436211 a prime number?
True
Is 1509412691 prime?
True
Is 3324105401 a composite number?
False
Is 288565859 composite?
True
Is 253119127 prime?
True
Is 2